v) = v**3 - v**2 + 3*v + 7. Let k be q(3). Let a be 6/12 + k/(-4). Let x = 24 - a. List the prime factors of x.
2
Let p = -339 - -557. Suppose 82 + 130 = -3*m + i, -2*m - 2*i = 144. Let u = p + m. What are the prime factors of u?
3, 7
Suppose 0 = -3*y + 5*w + 23, 2*y + 4*w = -y + 14. Suppose -a - 3*p = -y, 4*p - 4 = -0*p. What are the prime factors of -26*a*21/(-18)?
7, 13
Let w = -312 + 314. Suppose 935 + 567 = w*n. What are the prime factors of n?
751
Let h(v) = v**3 + 8*v**2 - 27*v - 58. Let n be h(-12). Suppose -2*k + 3*k + 166 = 0. Let d = k - n. What are the prime factors of d?
2, 3
Let y(q) be the third derivative of q**5/10 - q**4/24 + q**3 - 71*q**2. Let k be 3*2/6*3. List the prime factors of y(k).
3, 19
Let v(i) = i**3 - 10*i**2 - 6*i + 16. Let u = -3 - -15. Let h = -1 + u. What are the prime factors of v(h)?
71
Suppose 485310 = -140*o + 170*o. What are the prime factors of o?
7, 2311
What are the prime factors of (429040/186)/(2/9)?
2, 3, 5, 173
Suppose 140729 - 25404 = 7*x. Suppose 12*b = x - 347. List the prime factors of b.
2, 3, 7
Suppose -23*s = -11*s - 84. Let d(o) = -3*o**2 + 6*o. Let x be d(7). What are the prime factors of 7*s/49 + (1 - x)?
107
Let j(s) = s**2 + 7*s + 11. Let z be j(6). Suppose -3*i + 1 = -z. Suppose i = 4*l + 2*q, -5*l - 4*q = -9*q - 75. What are the prime factors of l?
2, 5
Let x = -52 - -220. Let p = x - 46. Suppose 0 = j - 3*q - p, -2*q = -2*j + 241 - 17. List the prime factors of j.
107
Let c = -364 - 210. Let a = 881 + c. What are the prime factors of a?
307
Suppose y - 9 + 0 = 0. What are the prime factors of -222*(5 + -3)/((-6)/y)?
2, 3, 37
Let g = 314 - 312. Suppose 4*u = -y + 17, -8 = -g*u + y - 1. List the prime factors of u.
2
Let w be -1*((-15)/(-60) + 41/(-4)). Suppose 5*m = -z + 1476 + 1984, 0 = 2*z + w. What are the prime factors of m?
3, 7, 11
Let l = 369 - 365. List the prime factors of 755 - l*4/8.
3, 251
Let o be (0 + 3/(-6))*(0 + -6). Suppose -h = -3*h - o*k + 687, 361 = h + 5*k. List the prime factors of h.
2, 3, 7
Let w = -58109 + 83514. What are the prime factors of w?
5, 5081
Let a(c) be the first derivative of c**2/2 - 3*c - 3. Let r be a(4). What are the prime factors of (-4277)/(-39) - r/(-3)?
2, 5, 11
Let o(h) = -h - 16. Let n be o(0). Let m be 55/25 + n/(-20). What are the prime factors of m/(-18)*-268 + 12/9?
2, 23
Let m be 6/4*(-15)/((-90)/116). Suppose 41*y - m*y = 3072. What are the prime factors of y?
2
Let t(z) = -27*z**3 + 17*z**2 + 234*z - 22. List the prime factors of t(-8).
2, 23, 283
Suppose 5*d - 12533 = 2*d + 7273. List the prime factors of d.
2, 3301
List the prime factors of 2/25 - ((-17538441)/425 - 28).
3, 5, 2753
Let m = 6018 - 3858. Suppose -2722 = -5*n + 3*z, 0 = -4*n + 15*z - 17*z + m. List the prime factors of n.
2, 271
Let n be ((-2)/6*0)/((-6)/6). Let z(t) = -t**3 - 2*t**2 + 273. What are the prime factors of z(n)?
3, 7, 13
Suppose 0 = 97*k + 36*k - 2002093 - 932419. List the prime factors of k.
2, 7, 197
Let l = -294 + 730. Let n = -211 + l. Suppose n = 3*g - 2*p, -p - 75 = -g + 3*p. List the prime factors of g.
3, 5
Let z be 277 + 5*(-6)/(-30). Let x = z - 74. List the prime factors of x.
2, 3, 17
Let g = -3152 + 6087. What are the prime factors of g?
5, 587
Suppose -83*g = -178494 - 426991. What are the prime factors of g?
5, 1459
Let t be 3/4 - ((-25)/4 + 3). Suppose -4*y = 6*v - t*v, -3*y + 5 = 4*v. Suppose v*b + 56 = f, -b = -5*f - 5*b + 336. List the prime factors of f.
2
Let c(w) = -357*w - 775. What are the prime factors of c(-24)?
7793
Suppose 0 = 7*m + m - 176. Suppose -13*d + 2*d = -m. Suppose -4*q = h - 286, 5*h = d*q + 3*q - 345. List the prime factors of q.
71
Suppose 40 = 98*h - 78*h. Suppose -1 = -w + 4, -3*g - h*w = -4888. List the prime factors of g.
2, 3, 271
Suppose -5*l - 311780 = -5*d, -29*d + 4*l = -32*d + 187131. What are the prime factors of d?
5, 12473
Suppose -x + 7447 = 4*x - a, -3*a + 1499 = x. Suppose 225 = 7*h - x. List the prime factors of h.
5, 7
Suppose 8 = -4*f + 108. Let h = f + -23. Suppose -3*g - 49 = -b - g, -h*b + 100 = -2*g. What are the prime factors of b?
3, 17
Suppose -5*n + 18 = -2*j, -n + 8*j = 10*j + 6. Suppose -1465 = -3*h - 3*w + 992, 3*h + n*w = 2457. List the prime factors of h.
3, 7, 13
Let k(z) = -z**2 + 19*z - 76. Let y be k(13). Suppose -4*h - 3*g = -3839, -y*h - 3*h + 4*g + 4822 = 0. What are the prime factors of h?
2, 13, 37
Suppose -16*w = -6*w - 864600. Suppose -33*p + w = 11*p. What are the prime factors of p?
3, 5, 131
Let p = 33681 - 19088. What are the prime factors of p?
14593
Let t be (-66)/60 + (-5)/(-50). List the prime factors of 126*((3 - 0)*t)/(-2).
3, 7
Let y(z) = z**2 + 2*z - 12. Let f be y(-5). Suppose -t + 112 = 3*n - 136, f*t = -4*n + 334. List the prime factors of n.
2, 41
Suppose -72*t - 218492 = -870668. What are the prime factors of t?
2, 7, 647
Let f(s) = 2*s**3 + 29*s**2 + 13*s - 7. Let m be f(-14). What are the prime factors of 3*(m - 1394/(-6))?
2, 359
Suppose -26849 = -b + 3*j, -3*b - 5*j = -0*b - 80603. Suppose 15*f - b = -2246. What are the prime factors of f?
3, 547
List the prime factors of 6 + (12379 - (-45)/(-18)*(-8)/(-5)).
3, 4127
Let j(r) = -r**3 + 19*r**2 - 18*r + 1. Let k(g) = 5*g + 68. Let x be k(-10). Let o be j(x). List the prime factors of (o - -4) + (-1 - -32).
2, 3
Let p(t) = t**2 - 2049. What are the prime factors of p(-67)?
2, 5, 61
Let k(c) = -921*c - 1152. Let b(v) = 184*v + 230. Let w(f) = 24*b(f) + 5*k(f). What are the prime factors of w(-7)?
3, 19
Let h(i) = -12*i - 59. Let q be h(-5). Let c(r) = 1098*r**2 - 8*r + 2. What are the prime factors of c(q)?
2, 3, 7, 13
Suppose 4*a - 7*a = 3. Let v = a + 6. Suppose 11*z - 6*z - v*s - 95 = 0, -2*s + 34 = 2*z. List the prime factors of z.
2, 3
Let v(c) = 23*c**2 + 201*c. Suppose -10*m + 108 = 8*m. List the prime factors of v(m).
2, 3, 113
Let u(a) = 362*a**2 - 42*a + 8. List the prime factors of u(-5).
2, 7, 331
Let d = 200 - 195. Suppose 4*p + p - 2*k = 1625, d*p - 1625 = 5*k. List the prime factors of p.
5, 13
Suppose 85*g = 191*g - 84*g - 277552. What are the prime factors of g?
2, 19, 83
Suppose 18*k - 20661 = 21246 + 3507. List the prime factors of k.
3, 29
Let l(s) be the first derivative of s**3/3 - 11*s**2/2 - 11*s - 4. Let w be l(14). Suppose 4*y + w = 163. What are the prime factors of y?
3, 11
Let x(d) = -d**3 + 4*d**2 - 7*d + 6. Let o be x(4). Let s(a) = 2*a - 8. Let l(z) = 5*z - 12. Let r(n) = -3*l(n) + 5*s(n). List the prime factors of r(o).
2, 53
Suppose s + x - 9 = 0, -7 = 2*s - 3*x - 0*x. Let m(o) be the second derivative of o**4/2 - 3*o**3 + 5*o**2/2 - 993*o. List the prime factors of m(s).
29
List the prime factors of (-1 - -13)/(-3) + 52 + 2890.
2, 13, 113
Let a = 3364 + -1424. List the prime factors of a.
2, 5, 97
Let v = -61 - -65. Let b = v + 49. Let z = b + 45. What are the prime factors of z?
2, 7
List the prime factors of ((-40625)/77 - (-300)/(-550))*-7.
3697
Let o(h) = -4*h + 3. Let p(d) = -7*d + 7. Let j(u) = 5*o(u) - 3*p(u). Let q be j(9). Suppose q*w = 68 + 121. What are the prime factors of w?
3, 7
Suppose -1 = c, 3*f + 3*c = 4*f - 20. Suppose f*d + 7680 = 29*d. What are the prime factors of d?
2, 5
Suppose -n = -w + 8, -w - 5*n = -2 - 18. Suppose -68994 = -w*r - 8994. List the prime factors of r/27 - 14/63.
2, 3, 37
Let d(t) = t**3 + 9*t**2 + t + 15. Let i be d(-9). Suppose i + 34 = 8*l. Suppose 4*q = l*b + 356, 125 + 215 = 4*q - b. What are the prime factors of q?
2, 3, 7
Suppose z = -3*i + 956, -3*z - 4828 = -8*z + i. Suppose -1455 - z = -4*v - 5*l, -5*l = -5*v + 3070. List the prime factors of v.
2, 5, 61
Let y(m) = -6*m**2 + 16*m - 3. Let d be y(2). List the prime factors of 228 - -6 - (-1 + d).
2, 5, 23
Let a(i) = -7*i**2 + 17*i + 16. Let u(m) = -m**2. Let f(t) = -a(t) + 6*u(t). Let n be f(17). Let h = 3 - n. List the prime factors of h.
19
Suppose 304*j - 4065367 - 17667289 = 0. List the prime factors of j.
11, 67, 97
Suppose 2*f = a + 7054 + 2313, a = 1. What are the prime factors of f?
2, 1171
Suppose 22*u - 16*u = 16254. Suppose -44*r = -65*r + u. What are the prime factors of r?
3, 43
Let b(z) = z**3 + 23*z**2 - 92*z - 39. List the prime factors of b(-26).
5, 13
Suppose -5*u + 210 = -i, 2*u = -5*i + 35 + 22. List the prime factors of (-143)/(-1) - (u + -45)